43 is divided by 85?
83
Calculate the remainder when 14342 is divided by 7158.
26
Calculate the remainder when 28936 is divided by 28930.
6
Calculate the remainder when 37853 is divided by 10.
3
Calculate the remainder when 174417 is divided by 174414.
3
Calculate the remainder when 3607 is divided by 106.
3
What is the remainder when 8503 is divided by 2825?
28
Calculate the remainder when 2892 is divided by 692.
124
Calculate the remainder when 439302 is divided by 356.
354
Calculate the remainder when 34546 is divided by 2219.
1261
What is the remainder when 43717 is divided by 43707?
10
Calculate the remainder when 250875 is divided by 347.
341
What is the remainder when 6552 is divided by 77?
7
Calculate the remainder when 15351 is divided by 2554.
27
What is the remainder when 138905 is divided by 145?
140
What is the remainder when 5693 is divided by 228?
221
Calculate the remainder when 38912 is divided by 173.
160
What is the remainder when 15845 is divided by 15493?
352
Calculate the remainder when 16428 is divided by 249.
243
Calculate the remainder when 15000 is divided by 7497.
6
What is the remainder when 247191 is divided by 6?
3
What is the remainder when 438719 is divided by 32?
31
What is the remainder when 83775 is divided by 3988?
27
Calculate the remainder when 2863 is divided by 2827.
36
What is the remainder when 57215 is divided by 440?
15
Calculate the remainder when 2551 is divided by 2550.
1
What is the remainder when 201562 is divided by 115?
82
What is the remainder when 15202 is divided by 475?
2
What is the remainder when 15247 is divided by 5006?
229
Calculate the remainder when 25441 is divided by 1568.
353
What is the remainder when 60339 is divided by 178?
175
Calculate the remainder when 91751 is divided by 3.
2
Calculate the remainder when 16304 is divided by 35.
29
What is the remainder when 50066 is divided by 10008?
26
Calculate the remainder when 6955 is divided by 2118.
601
Calculate the remainder when 14771 is divided by 4912.
35
Calculate the remainder when 599153 is divided by 838.
821
Calculate the remainder when 46218 is divided by 14.
4
Calculate the remainder when 7122 is divided by 34.
16
Calculate the remainder when 28852 is divided by 824.
12
What is the remainder when 8417 is divided by 35?
17
Calculate the remainder when 5221 is divided by 86.
61
What is the remainder when 7830348 is divided by 253?
251
Calculate the remainder when 73906 is divided by 19.
15
Calculate the remainder when 222786 is divided by 126.
18
What is the remainder when 30116 is divided by 40?
36
What is the remainder when 372761 is divided by 767?
766
Calculate the remainder when 232374 is divided by 35.
9
Calculate the remainder when 852662 is divided by 48.
38
Calculate the remainder when 12911 is divided by 1085.
976
What is the remainder when 49630 is divided by 2757?
4
What is the remainder when 3020 is divided by 955?
155
What is the remainder when 713 is divided by 323?
67
What is the remainder when 7643 is divided by 159?
11
What is the remainder when 76716 is divided by 73?
66
Calculate the remainder when 216619 is divided by 72193.
40
Calculate the remainder when 107436 is divided by 282.
276
What is the remainder when 6358 is divided by 58?
36
Calculate the remainder when 11877 is divided by 14.
5
What is the remainder when 163378 is divided by 70?
68
Calculate the remainder when 11431 is divided by 2854.
15
Calculate the remainder when 53660 is divided by 13.
9
What is the remainder when 59747 is divided by 56?
51
Calculate the remainder when 8671 is divided by 283.
181
Calculate the remainder when 8835 is divided by 2935.
30
Calculate the remainder when 1168330 is divided by 12429.
4
What is the remainder when 1783 is divided by 791?
201
What is the remainder when 38438 is divided by 232?
158
Calculate the remainder when 45604 is divided by 11380.
84
Calculate the remainder when 31794 is divided by 421.
219
What is the remainder when 2151 is divided by 494?
175
What is the remainder when 74937 is divided by 284?
245
What is the remainder when 5108 is divided by 562?
50
What is the remainder when 3695207 is divided by 29?
27
What is the remainder when 4700 is divided by 335?
10
What is the remainder when 6558 is divided by 2042?
432
What is the remainder when 3403 is divided by 267?
199
What is the remainder when 3942 is divided by 39?
3
What is the remainder when 122175 is divided by 24?
15
Calculate the remainder when 2944 is divided by 366.
16
Calculate the remainder when 4631 is divided by 470.
401
What is the remainder when 4863 is divided by 83?
49
What is the remainder when 3898 is divided by 183?
55
What is the remainder when 5963 is divided by 169?
48
What is the remainder when 1196 is divided by 1133?
63
What is the remainder when 369595 is divided by 200?
195
Calculate the remainder when 29793 is divided by 99.
93
Calculate the remainder when 269 is divided by 43.
11
What is the remainder when 942 is divided by 328?
286
What is the remainder when 409547 is divided by 1427?
1425
What is the remainder when 3650 is divided by 1107?
329
Calculate the remainder when 3247 is divided by 334.
241
Calculate the remainder when 5777 is divided by 298.
115
Calculate the remainder when 56579 is divided by 19.
16
What is the remainder when 42659 is divided by 14216?
11
What is the remainder when 11839 is divided by 5?
4
What is the remainder when 27388 is divided by 274?
262
What is the remainder when 2713010 is divided by 483?
482
What is the remainder when 214376 is divided by 11?
8
Calculate the remainder when 16111 is divided by 488.
7
Calculate the remainder when 192277 is divided by 331.
297
Calculate the remainder when 1638 is divided by 13.
0
What is the remainder when 31471 is divided by 31451?
20
Calculate the remainder when 3474 is divided by 1661.
152
What is the remainder when 82247 is divided by 552?
551
Calculate the remainder when 14728 is divided by 4783.
379
What is the remainder when 2112 is divided by 720?
672
Calculate the remainder when 23548 is divided by 7838.
34
What is the remainder when 3395 is divided by 47?
11
What is the remainder when 3277 is divided by 407?
21
Calculate the remainder when 190533 is divided by 70.
63
What is the remainder when 3340 is divided by 107?
23
Calculate the remainder when 142186 is divided by 17.
15
Calculate the remainder when 1247 is divided by 622.
3
What is the remainder when 7288 is divided by 2409?
61
What is the remainder when 37668 is divided by 271?
270
What is the remainder when 22402 is divided by 431?
421
What is the remainder when 47033 is divided by 25?
8
Calculate the remainder when 49635 is divided by 16534.
33
Calculate the remainder when 10154 is divided by 484.
474
Calculate the remainder when 5348 is divided by 337.
293
What is the remainder when 642282 is divided by 168?
18
What is the remainder when 102082 is divided by 28?
22
Calculate the remainder when 212511 is divided by 230.
221
Calculate the remainder when 15135 is divided by 44.
43
Calculate the remainder when 1305 is divided by 183.
24
Calculate the remainder when 4503 is divided by 2242.
19
What is the remainder when 2109 is divided by 567?
408
What is the remainder when 16222 is divided by 318?
4
Calculate the remainder when 11642 is divided by 151.
15
What is the remainder when 1004 is divided by 17?
1
What is the remainder when 5195 is divided by 179?
4
Calculate the remainder when 1144 is divided by 1040.
104
Calculate the remainder when 14119 is divided by 112.
7
Calculate the remainder when 12012 is divided by 120.
12
Calculate the remainder when 125830 is divided by 41837.
319
Calculate the remainder when 6422 is divided by 6397.
25
What is the remainder when 1164348 is divided by 113?
109
Calculate the remainder when 10433 is divided by 3266.
635
Calculate the remainder when 10565 is divided by 34.
25
What is the remainder when 17682 is divided by 29?
21
What is the remainder when 4805 is divided by 1601?
2
Calculate the remainder when 6448 is divided by 1766.
1150
Calculate the remainder when 55762 is divided by 12.
10
What is the remainder when 62926 is divided by 152?
150
What is the remainder when 5136 is divided by 2549?
38
Calculate the remainder when 